 of (13 - 3) + -42 - -13?
-19
What is the value of (0 - -19 - (-124 + 137)) + 0 + -13?
-7
Evaluate (-4 - (0 - 14 - -29)) + -3.
-22
What is the value of 78 + -71 - (-2 + 18)?
-9
Calculate (4 - (1 + -7 + 0)) + 2.
12
Calculate (62 - (105 + -51)) + -4 + 0 + -2.
2
What is the value of 2 - -22 - (4 + (-10 - 4) - -10)?
24
What is 0 - (-2 - 20) - (-27 - 18 - -49)?
18
Calculate (12 - (-12 + 21) - (4 - -2)) + 10.
7
-13 - (103 + -96 - (6 + -3 + 2))
-15
Evaluate -28 + -2 + -17 + 33 - -46.
32
What is the value of 72 + -48 - (2 - (3 + -11))?
14
What is the value of (38 - 80) + 41 - (0 + 0 + -6)?
5
(-10 - -18) + -23 + 10
-5
What is 11 - (5 + 7 + -2 - -11)?
-10
What is (2 - 2 - -4) + (12 - (11 + 14))?
-9
What is 6 + 6 + (12 + -8 - 5) + 6?
17
What is (-2 + 2 - -16) + -4?
12
What is the value of -5 - (2 + -14 + (25 - 11 - -14))?
-21
Evaluate (3 - 4) + (-7 - (2 - (1 + 7))).
-2
Evaluate -9 - (-2 + -8 + (-8 - -12)).
-3
What is the value of -6 + (-2 - -4 - -5 - -14) + -2?
13
What is the value of 5 - (-14 - -10) - (1 + 1 + 1)?
6
Calculate -6 + (3 - 10 - -15).
2
-21 - (7 - (34 + -15))
-9
(-11 - (-5 - -9)) + 28 + 4
17
What is the value of (11 + -7 - (-1 + 10) - -3) + 19?
17
What is 6 - ((-58 - -63) + (0 - 8))?
9
2 + 6 + (7 + -1 - 15 - 3)
-4
Calculate -10 + -19 + 10 - -25.
6
Calculate (-30 - -33) + (-4 + 1 - 4) + 33.
29
(-27 - -1) + -12 + 21
-17
What is the value of -6 - (-6 - 1 - (-4 + -12 - 0))?
-15
23 + -22 + 8 + 0 - 10
-1
What is the value of -1 + -9 - ((5 - 21) + 4 + 13)?
-11
Calculate -9 + 3 + (-2 - (13 - 4)).
-17
What is 3 + (9 + 3 + -15 - 7)?
-7
-10 - -1 - (-6 - (-5 + 7) - -4)
-5
Calculate (-15 - -32) + -1 + -17.
-1
What is 7 - 9 - -7 - 3 - 21?
-19
9 + (-8 + -7 - -16)
10
Calculate 12 + -2 + -8 + 60 + -58.
4
3 - 1 - (-8 - -7 - -5 - 0)
-2
What is -10 + 14 + -9 + -1 + -14?
-20
What is -16 + -5 - (19 + -44)?
4
What is -4 + 16 + -61 - -26?
-23
Evaluate -5 - (-21 + (24 - 12) + -28).
32
What is the value of 7 - ((40 - 36) + (-5 - (-2 + 0)))?
6
-5 - (-4 - -20 - 4) - -19
2
What is 7 - (4 - ((-9 - -1) + (11 - 11)))?
-5
What is 2 - -6 - (14 - (19 + -8))?
5
What is 5 + 1 + (-1 - 6) + (-2 - -6)?
3
11 + (3 - (-5 + 1)) + -4
14
Evaluate 19 - (5 + 4 + (-3 - 3)).
16
What is the value of 14 + -5 + -10 - (-1 + -22)?
22
Evaluate 1 - (7 + -2 + 2 + -12).
6
(-1 + 4 - (-4 - -6 - 9)) + -3
7
What is -22 - (-8 - (-11 - (5 + -8)) - 8)?
-14
What is the value of 1 + (-19 - -46) + -40?
-12
What is the value of 8 + 2 + (2 - (18 + -12))?
6
21 + (-42 - -39) - -6
24
Evaluate 39 + (-14 + 40 - 45).
20
-4 + (17 - 5) - -5 - -1
14
What is (10 - (-14 + 33)) + -4 - -2?
-11
Calculate (4 - (4 + -11 + 6 + -5)) + -33.
-23
11 - (14 + -26 + 14)
9
24 - ((-14 - -33) + -10)
15
Evaluate -5 + -1 + 1 - (-6 + 0).
1
(-4 - 8) + 9 + (1 - 0) + 3
1
(2 - (10 - (-10 - -4 - -12))) + 4
2
Calculate 27 - -17 - (-31 - -81).
-6
10 + (-4 - (-9 - 0)) + (9 - 13)
11
-35 - -6 - (-16 - 4)
-9
(4 - ((-9 - 3) + 7)) + 0 + 16
25
What is the value of (-5 - 15 - (-20 - -10)) + -2?
-12
What is the value of 0 + -6 + 8 - (6 + 1)?
-5
Evaluate -49 - (-29 + 0 - -5).
-25
Calculate (1 - 12) + (-334 - -326).
-19
Calculate (7 + 16 - 24) + 19 + -4.
14
(8 - 16) + -16 + 4 + -4
-24
What is 11 - 2 - (-4 - -16 - -2)?
-5
Calculate -4 + (4 - 5) + 16.
11
Evaluate 15 + -4 + -5 - 42.
-36
What is 8 + -5 + -12 - 29?
-38
Calculate (0 + 2 - -9) + -4 + -2 + 4.
9
19 - (11 + 5 + -8) - -4
15
Evaluate (12 + -6 - 1) + -12 + 33.
26
What is the value of -9 - (21 + -13 + -19)?
2
Evaluate 16 - (6 - (17 - 11)).
16
2 + 9 + -2 + 7 + -9 - 5
2
What is the value of -40 + (8 - -39) + -9 + 1?
-1
What is the value of (22 + 8 - 11) + 5 - (-11 - -7)?
28
What is the value of 1 + 5 + -6 + 3 + 1 + -11?
-7
What is 18 + 3 + 2 - (-84 + 82)?
25
What is (-1 + -6 - (-9 - -8)) + -7?
-13
Evaluate 23 - (8 - 1 - -9).
7
What is the value of (-18 - -9) + (0 - 7)?
-16
-195 - -206 - ((-3 - -3) + 24) - 1
-14
Calculate (2 - -4) + 102 + -120.
-12
-37 + 67 + (7 - 0 - 0)
37
Evaluate (2 - 9 - (-80 - -84)) + 10.
-1
Evaluate -3 - 17 - 8 - -18.
-10
What is the value of 36 + -34 + (2 - 4) + 20?
20
What is the value of 7 - (-5 - (-3 + -4 - -1))?
6
Evaluate -1 + (-10 - -3) + 9.
1
What is the value of 10 + 1 + -15 - (-34 + -2)?
32
What is the value of 15 + -8 - (16 + -5 - 3)?
-1
0 - (0 + (-1 - 13) - (-42 - -40))
12
Calculate (-4 - 5) + -9 + (-10 - -11 - -1).
-16
Calculate -7 + 9 + 4 - -1.
7
What is the value of (-4 + 10 - 3 - -1) + -1?
3
Calculate (7 - 2) + (-7 - 7 - -5).
-4
Evaluate 27 + 23 + -40 + 0.
10
-61 + 85 - (15 + 1)
8
What is -1 + -4 - ((-4 - -2 - 1) + 1)?
-3
What is 12 + (-11 - (-7 - -1)) + 2?
9
Evaluate -102 + 80 - (-14 + 2).
-10
Calculate 0 + (-2 - (5 + -4)) + -2 + 6.
1
What is -15 + -50 + 22 + 23?
-20
21 + 5 + (1 - (-16 + 10))
33
Evaluate (-7 - -14 - 8) + 7 - 18 - -3.
-9
What is the value of 19 + (-17 - -1) - 15?
-12
(-10 - 4) + -2 + 16
0
What is the value of 4 + (-2 - (-6 - (4 - 0)) - 5)?
7
-11 + -9 + 28 + -2
6
-8 + (-6 - -11 - (-4 - -2))
-1
What is 4 + -9 + (17 + 0 - 3)?
9
Evaluate 8 + -11 + (-6 - -7) + 9.
7
Evaluate (-3 - 3) + -15 + -13 + 25.
-9
Evaluate -12 + (22 - (-10 - -18)).
2
What is 6 + (-3 - -2) + (39 - (50 + -19))?
13
Calculate 0 + 10 + 20 + -57 + 2 + -1.
-26
What is -14 + (59 - 58) + (3 - -1)?
-9
Calculate (14 - 29) + 12 - -11.
8
Calculate -2 + 17 + -2 + (7 - 15).
5
What is 10 + (-5 - -8) + -16 + -21 + 27?
3
-69 - -25 - (-9 + 2 + 5 + -7)
-35
What is the value of -4 + 2 - -4 - 21 - 19?
-38
-38 + (31 - 58) + 50
-15
-9 + 20 + (12 - 7 - 4)
12
Evaluate -3 + 5 - (3 - -8) - 7.
-16
What is the value of 40 + -40 + (-3 - -4 - 4)?
-3
Calculate 3 + 2 - (-6 + (10 - -6)).
-5
-7 + 3 - (-301 - -272)
25
Evaluate 39 + -52 + (3 - -8).
-2
What is 19 - (-12 - -34) - -16?
13
16 + 16 + -29 - (2 + (8 - -1))
-8
Evaluate 2 + 6 + (1 - (4 - 1)).
6
What is the value of -27 + -10 + 20 + 15?
-2
Evaluate -8 - (22 + -29) - 7.
-8
What is the value of (8 - 13) + 29 - 11?
13
Evaluate (-2 - -5) + (15 - (-19 + 38)).
-1
What is the value of 0 - -23 - (22 - (45 - 27))?
19
-4 + 21 + -6 - (0 + (9 - 2))
4
2 + -2 - -2 - -5 - (3 - 1)
5
What is the value of (-18 - -27 - 11) + (9 - 1) - 14?
-8
Evaluate 2 - (-7 + 11 + 8).
-10
Calculate 5 - (9 + 9 + -3) - (16 + -13).
-13
What is the value of 3 - (-20 + (-17 - -37)) - (-17 - -1)?
19
Evaluate 10 - (2 - (5 + -9) - 8 - -7).
5
What is (7 - 18) + 12 + 9?
10
(64 - 70) + 4 + -1
-3
What is the value of -4 - (11 + (-16 - -14))?
-13
What is the value of -4 + 1 - (-30 + 31) - (2 - -15)?
-21
What is the value of -2 - (-39 + 23) - 17?
-3
Evaluate 27 - (-13 + 51 + -2).
-9
Evaluate 2 - (-29 - -15) - 17 - (4 + 1).
-6
2 - 5 - (4 + -6 + 3 - -3)
-7
Calculate 4 - (-13 + 17) - (-8 - 2).
10
What is 4 + (-24 - -15 - 20)?
-25
What is the value of (1 - 12) + (21 + 1 + -13 - 8)?
-10
31 - (7 + -13 + 50)
-13
What is -10 - ((3 - 12) + 0)?
-1
Evaluate (4 - 10) + 0 + (0 - (-1 + -2)).
-3
What is (-37 - -53) + 9 - 37?
-12
What is the value of 78 + -80 + (1 - -22)?
21
What is (-22 - -6) + 6 + -5?
-15
Evaluate 1 + (-1 - ((4 - 6) + 3)) + 5.
4
6 + (-4 - (-12 + (-7 - -14))) + 6
13
What is the value of 26 - (14 - -1 - -24)?
-13
2 + 12 - (50 + -31)
-5
-24 - (-20 - -11) - 9
-24
Calculate 6 + (-6 - 1) + -2 - -13 - -2.
12
What is 8 + (6 + -46 - (1 + -5 + 1))?
-29
What is 4 + -3 + -8 - (-16 - 0)?
9
Calculate 8 - -6 - ((-1 - -3) + -19 + 7).
24
What is 0 - (15 + -9 - 4 - 10)?
8
What is (0 - 14 - (266 - 273)) + 18?
11
Evaluate -28 - (-30 - -15) - -10.
-3
11 + (-1 - -8 - (1 - -9))
8
What is (-18 - 4) + 2 - (-4 + 14 + -17)?
-13
What is 0 - ((8 - 7) + -13) - (6 + 0)?
6
What is (63 - 78) + (18 - 1)?
2
Evaluate 18 - ((-8 - -23) + 5).
-2
Calculate 2513 + -2495 + (-40 - 0).
-22
Calculate 3 - (2 - 7 - (-129 - -121)).
0
Evaluate 40 + -2 + -31 - (5 + -1).
3
-8 + -14 + 9 - -18
5
Evaluate 1 + (2 - (4 + 5)) + -1.
-7
What is -18 + -1 - (4 + (3 - (8 - 4)))?
-22
Calculate 37 + -17 - 4 - 12.
4
-5 + -9 + 5 + 8 + 9 - 34
-26
What is -9 + 2 + (-6 + 5 - 5) + -1?
-14
What is 4 - (-7 - (17 + -40))?
-12
-4 + (20 - (-15 - -21)) - 0
10
What is 11 - ((-3 - -9) + -2 + 1) - 21?
-15
-32 + (1 - 2 - -8 - -2) + -2
-25
(-7 + (1 - 0) - (5 + -6)) + 24
19
What is -42 + 31 - ((0 - 1) + -1 + 3)?
-12
What is the value of -20 + (-2 + -2 - (-27 + 20))?
-17
(-18 - -29 - 14) + 40
37
3 + 3 + -2 - -10
14
What is -3 + -6 + (-8 - -34 - 2)?
15
13 + 22 + -41 - 11
-17
What is the v